{"id":3,"date":"2023-07-12T22:50:18","date_gmt":"2023-07-12T20:50:18","guid":{"rendered":"http:\/\/qzjkeit.cluster028.hosting.ovh.net\/?page_id=3"},"modified":"2024-01-15T10:48:00","modified_gmt":"2024-01-15T09:48:00","slug":"mentions-legales","status":"publish","type":"page","link":"https:\/\/www.lebiau.fr\/index.php\/mentions-legales\/","title":{"rendered":"Mentions l\u00e9gales"},"content":{"rendered":"\n<p><strong>1. Informations g\u00e9n\u00e9rales :<\/strong><\/p>\n\n\n\n<p><strong>Nom du site :<\/strong> <a href=\"http:\/\/www.lebiau.fr\/\">www.lebiau.fr<\/a> <strong>Propri\u00e9taire du site :<\/strong> Fr\u00e9d\u00e9ric De Sabata <strong>Adresse :<\/strong> Le Biau, 32190 Castillon Debats <strong>Adresse e-mail :<\/strong> <a>frederic@lebiau.fr<\/a><\/p>\n\n\n\n<p><strong>2. H\u00e9bergeur du site :<\/strong><\/p>\n\n\n\n<p>Le site est h\u00e9berg\u00e9 par OVH, dont le si\u00e8ge social est situ\u00e9 \u00e0 <em>OVH<\/em>\u00a0Groupe SA, soci\u00e9t\u00e9 immatricul\u00e9e au RCS de Lille sous le num\u00e9ro 537 407 926 sise 2, rue Kellermann, 59100 Roubaix.<\/p>\n\n\n\n<p><strong>3. Propri\u00e9t\u00e9 intellectuelle :<\/strong><\/p>\n\n\n\n<p>Tous les contenus pr\u00e9sents sur le site (textes, images, vid\u00e9os, etc.) sont la propri\u00e9t\u00e9 exclusive de Fr\u00e9d\u00e9ric De Sabata, sauf indication contraire. Toute reproduction ou utilisation sans autorisation pr\u00e9alable est strictement interdite.<\/p>\n\n\n\n<p><strong>4. Collecte de donn\u00e9es personnelles :<\/strong><\/p>\n\n\n\n<p>Les informations collect\u00e9es sur le site, notamment lors de la r\u00e9servation, sont destin\u00e9es \u00e0 Fr\u00e9d\u00e9ric De Sabata et ne seront en aucun cas c\u00e9d\u00e9es \u00e0 des tiers. Conform\u00e9ment \u00e0 la loi &#8220;Informatique et Libert\u00e9s&#8221;, vous disposez d&#8217;un droit d&#8217;acc\u00e8s, de modification et de suppression des donn\u00e9es vous concernant.<\/p>\n\n\n\n<p><strong>5. Cookies :<\/strong><\/p>\n\n\n\n<p>Le site peut utiliser des cookies pour am\u00e9liorer votre exp\u00e9rience. En continuant \u00e0 naviguer sur le site, vous acceptez l&#8217;utilisation de ces cookies.<\/p>\n\n\n\n<p><strong>6. Responsabilit\u00e9 :<\/strong><\/p>\n\n\n\n<p>Fr\u00e9d\u00e9ric De Sabata ne peut \u00eatre tenu responsable des dommages directs ou indirects r\u00e9sultant de votre utilisation du site.<\/p>\n\n\n\n<p><strong>7. Liens externes :<\/strong><\/p>\n\n\n\n<p>Le site peut contenir des liens vers des sites externes. Fr\u00e9d\u00e9ric De Sabata n&#8217;est pas responsable du contenu de ces sites.<\/p>\n\n\n\n<p><strong>8. Loi applicable :<\/strong><\/p>\n\n\n\n<p>Le site et son contenu sont soumis \u00e0 la loi fran\u00e7aise.<\/p>\n","protected":false},"excerpt":{"rendered":"<p>1. Informations g\u00e9n\u00e9rales : Nom du site : www.lebiau.fr Propri\u00e9taire du site : Fr\u00e9d\u00e9ric De Sabata Adresse : Le Biau, 32190 Castillon Debats Adresse e-mail : frederic@lebiau.fr 2. H\u00e9bergeur du site : Le site est h\u00e9berg\u00e9 par OVH, dont le si\u00e8ge social est situ\u00e9 \u00e0 OVH\u00a0Groupe SA, soci\u00e9t\u00e9 immatricul\u00e9e au RCS de Lille sous le &hellip;<\/p>\n<p class=\"read-more\"> <a class=\"\" href=\"https:\/\/www.lebiau.fr\/index.php\/mentions-legales\/\"> <span class=\"screen-reader-text\">Mentions l\u00e9gales<\/span> Lire la suite\u00a0\u00bb<\/a><\/p>\n","protected":false},"author":1,"featured_media":0,"parent":0,"menu_order":0,"comment_status":"closed","ping_status":"open","template":"","meta":{"om_disable_all_campaigns":false,"_uag_custom_page_level_css":"","_monsterinsights_skip_tracking":false,"_monsterinsights_sitenote_active":false,"_monsterinsights_sitenote_note":"","_monsterinsights_sitenote_category":0,"site-sidebar-layout":"default","site-content-layout":"default","ast-global-header-display":"","ast-banner-title-visibility":"","ast-main-header-display":"","ast-hfb-above-header-display":"","ast-hfb-below-header-display":"","ast-hfb-mobile-header-display":"","site-post-title":"","ast-breadcrumbs-content":"","ast-featured-img":"","footer-sml-layout":"","theme-transparent-header-meta":"","adv-header-id-meta":"","stick-header-meta":"","header-above-stick-meta":"","header-main-stick-meta":"","header-below-stick-meta":"","footnotes":""},"class_list":["post-3","page","type-page","status-publish","hentry"],"aioseo_notices":[],"uagb_featured_image_src":{"full":false,"thumbnail":false,"medium":false,"medium_large":false,"large":false,"1536x1536":false,"2048x2048":false},"uagb_author_info":{"display_name":"admin5329","author_link":"https:\/\/www.lebiau.fr\/index.php\/author\/admin5329\/"},"uagb_comment_info":0,"uagb_excerpt":"1. Informations g\u00e9n\u00e9rales : Nom du site : www.lebiau.fr Propri\u00e9taire du site : Fr\u00e9d\u00e9ric De Sabata Adresse : Le Biau, 32190 Castillon Debats Adresse e-mail : frederic@lebiau.fr 2. H\u00e9bergeur du site : Le site est h\u00e9berg\u00e9 par OVH, dont le si\u00e8ge social est situ\u00e9 \u00e0 OVH\u00a0Groupe SA, soci\u00e9t\u00e9 immatricul\u00e9e au RCS de Lille sous le\u2026","_links":{"self":[{"href":"https:\/\/www.lebiau.fr\/index.php\/wp-json\/wp\/v2\/pages\/3","targetHints":{"allow":["GET"]}}],"collection":[{"href":"https:\/\/www.lebiau.fr\/index.php\/wp-json\/wp\/v2\/pages"}],"about":[{"href":"https:\/\/www.lebiau.fr\/index.php\/wp-json\/wp\/v2\/types\/page"}],"author":[{"embeddable":true,"href":"https:\/\/www.lebiau.fr\/index.php\/wp-json\/wp\/v2\/users\/1"}],"replies":[{"embeddable":true,"href":"https:\/\/www.lebiau.fr\/index.php\/wp-json\/wp\/v2\/comments?post=3"}],"version-history":[{"count":2,"href":"https:\/\/www.lebiau.fr\/index.php\/wp-json\/wp\/v2\/pages\/3\/revisions"}],"predecessor-version":[{"id":1266,"href":"https:\/\/www.lebiau.fr\/index.php\/wp-json\/wp\/v2\/pages\/3\/revisions\/1266"}],"wp:attachment":[{"href":"https:\/\/www.lebiau.fr\/index.php\/wp-json\/wp\/v2\/media?parent=3"}],"curies":[{"name":"wp","href":"https:\/\/api.w.org\/{rel}","templated":true}]}}